2 - 6*r + 9. What are the prime factors of f(2)?
3, 139
Suppose 16810 + 690 = 5*t. What are the prime factors of t?
2, 5, 7
Let i be 3*(5 - (-7 + 3)). Suppose 25 = -j + i. Suppose -j*f = 11 - 67. List the prime factors of f.
2, 7
Let j = -3965 + 9422. What are the prime factors of j?
3, 17, 107
Let a = -191 - -1354. List the prime factors of a.
1163
Let i = -4 + 9. Suppose -5*a = 5*f - 110 - 5, -5*f + i*a + 75 = 0. List the prime factors of f.
19
Suppose -12*k + 34077 = 11205. List the prime factors of k.
2, 953
Let h be ((3*-2)/3)/(1/(-2)). Suppose 4*u = 3*c - 253, c - 328 = -3*c - h*u. What are the prime factors of c?
83
Suppose 10 = -5*u, 0 = -v - u - 2*u - 21. Let a be (6/(-5))/(6/v). Suppose a*i = -2*k, -2*k + i + 21 - 5 = 0. List the prime factors of k.
2, 3
Suppose 4*l + 91 = -3*q, 0*q = -4*l - q - 89. List the prime factors of 561/l*20/(-6) - 3.
2, 41
Suppose 0 = -4*f + 3*f + 4. Suppose -4*t = -9*t - f*i + 282, -4*i - 298 = -5*t. What are the prime factors of t?
2, 29
Let u be (-3)/(2/(56 - -4)). What are the prime factors of (-607)/(-5) - (-36)/u?
11
Let k(c) = 15*c - 28. List the prime factors of k(13).
167
Let j be 8/6*6/(-4). Suppose -v - 81 = 2*v. What are the prime factors of v/(-6)*(j - -8)?
3
List the prime factors of -2 + -2 + 330 - 3.
17, 19
Let w = -12 - 0. What are the prime factors of ((-69)/w)/((-2)/(-64))?
2, 23
Let c = -110 - -105. List the prime factors of ((-3)/3 - -3) + (c - -195).
2, 3
Suppose 3*z - 224 - 100 = 0. Let l be 1 - z/(-1) - 4. What are the prime factors of (2 + (1 - l))/(-2)?
3, 17
What are the prime factors of ((-10)/2)/(((-133)/(-2184))/(-19))?
2, 3, 5, 13
Let q be (-9)/(-1) - (23 - 19). Suppose q*c = 4*n - 184, -3*c + 6*c + 5*n = -103. What are the prime factors of (225/c)/(2/(-24))?
3, 5
Let c = -2 - -4. Let n = -6 + 8. Suppose -n*h = c*h - 48. List the prime factors of h.
2, 3
Let i be (-12)/(-4 + 1) + 3/1. List the prime factors of (-30 + 12)*i/6*-2.
2, 3, 7
Let n(y) be the second derivative of -y**4/12 + 8*y**3/3 + 2*y**2 + 2*y. Suppose -11*q + 87 = -89. List the prime factors of n(q).
2
Let k(h) = -7*h + 25. Let b be k(-12). Let o = 266 - b. What are the prime factors of o?
157
Let z be 25 - 21 - (-133)/(-2)*-4. Suppose 2*o + 208 = z. What are the prime factors of o?
31
Let w = 40 - 27. Suppose w - 3 = 2*f. List the prime factors of f/2*(-4 - -10).
3, 5
Suppose 14*g = 3531 + 571. List the prime factors of g.
293
Suppose 72538 - 390793 = -105*x. What are the prime factors of x?
7, 433
Let x(s) be the third derivative of 1/120*s**6 + 0 + 0*s - 1/12*s**4 + 5/6*s**3 + 1/6*s**5 + 6*s**2. What are the prime factors of x(-10)?
5
Let d = 1 - -2. Suppose 5*m = -10, d*r - 2*r = -3*m - 37. Let q = r + 51. What are the prime factors of q?
2, 5
Let g be 2/3*-6*(-1128)/32. Suppose g = 5*t - 299. List the prime factors of t.
2, 11
Let h(n) = 5*n**3 - n - 1. Let d be h(-1). Let a(y) = -y**2 - 8*y - 7. Let r be a(d). Let c = 18 - r. What are the prime factors of c?
2, 5
Let c = 4 - 0. Suppose -8*h + c*h = -8. What are the prime factors of (-152)/((-16)/4) - h?
2, 3
Let s(k) = k**2 - 12*k - 31. Let n = 35 - 14. What are the prime factors of s(n)?
2, 79
Suppose -484 = 325*h - 326*h. List the prime factors of h.
2, 11
Suppose 6 = 2*x, -6*x - 8002 = -5*g - 5*x. What are the prime factors of g?
1601
Let q = -247 - -1141. What are the prime factors of q?
2, 3, 149
Let l = -172 - -383. What are the prime factors of l?
211
Let b(s) = -4*s**2 + s - 7 + 4*s**3 - 3*s**3 - 6*s + 6*s**2. List the prime factors of b(5).
11, 13
Suppose 176*r - 12240 = 156*r. What are the prime factors of r?
2, 3, 17
Let y = 817 + -376. Suppose 2*i - 13 = -3*m, 4*i + 1 = 5*m - 6. Suppose -m*c + y = 4*c. What are the prime factors of c?
3, 7
Suppose -12 = 4*c - 32. Suppose 4*m - o = 20, m - 5*m + 2*o + 20 = 0. Suppose -2*z - 91 = -m*t, -c*z + 5 = t - z. What are the prime factors of t?
17
Let u be 55/(-10) - 2/4. List the prime factors of 24/8*(-26)/u.
13
Let j = -452 + 810. What are the prime factors of j?
2, 179
Suppose 0*p - 105 = -2*p + f, p = -f + 60. Suppose 4*o = 653 + p. What are the prime factors of o?
3, 59
Suppose 0 = -5*a + 6*a - 280. Let i = a + -199. What are the prime factors of i?
3
Let l = 5 + 8. Let m = -13 + l. Suppose m = 3*n - 15. List the prime factors of n.
5
Let o(b) = b + 1. Let n be o(-8). Let y be 1*-141 + -33 + 36. List the prime factors of y/n + 8/28.
2, 5
Let q = -22 + 14. Let w(a) be the third derivative of -a**4/8 - 2*a**3/3 - 2*a**2. What are the prime factors of w(q)?
2, 5
Suppose -3*t + 3*v = -135, -t = 4*v - 48 - 22. Suppose -p + 3*p - t = 0. Let u = 27 - p. What are the prime factors of u?
2
Let w = 202 + -195. What are the prime factors of w?
7
List the prime factors of (-19*4)/((80/(-264))/5).
2, 3, 11, 19
Let h(d) be the first derivative of -d**5/40 + d**4 + 3*d**3 + 12. Let j(m) be the third derivative of h(m). List the prime factors of j(0).
2, 3
Suppose 0 = 6*c + 7 - 37. Suppose -8 + c = -3*z. Let x = 32 + z. What are the prime factors of x?
3, 11
Suppose x + 1 = -0*x, -5*s = 3*x - 4442. What are the prime factors of s?
7, 127
Suppose 8*s - 4321 = 975. List the prime factors of s.
2, 331
Suppose 8 = 2*j + 2*s, 2*j + s - 19 + 6 = 0. Suppose 0 = 5*m - j - 46. List the prime factors of m.
11
Let a(v) = 60*v + 3. Let o be a(2). Suppose 61 = j + j + 5*q, 0 = 3*j - 3*q - o. List the prime factors of j.
2, 19
Let l be -3 + 2*(-33)/(-6). Suppose -l*z + 3*z - 2*m = 3, -z - 2*m = 7. What are the prime factors of (z/(-2) + 2)*24?
2, 3
Suppose 0 = -8*d - 0*d + 232. Suppose 0 = 30*q - d*q - 74. What are the prime factors of q?
2, 37
Suppose -z = -0*b + 5*b + 195, -4*b = -3*z + 156. Let v = 76 + b. List the prime factors of v.
37
Suppose 4*w + 6 = 78. Let z = -26 - w. Let t = 68 + z. What are the prime factors of t?
2, 3
Suppose -8 = -5*b + b, -2*v - b + 16 = 0. Suppose 0 = v*k - 8*k + 20. What are the prime factors of k?
2, 5
Let b(c) = -c**2 - 19*c - 40. Let o(m) = -3*m**3 - 3*m**2 + 10*m. Let g be o(2). What are the prime factors of b(g)?
2
Suppose 0*a + 4*c - 18 = -5*a, 5*a + c - 12 = 0. What are the prime factors of 4*(-459)/(-34)*(0 + a)?
2, 3
Suppose 8*f - 26*f = -1080. What are the prime factors of f?
2, 3, 5
Let v be 2/(-9) - (2852/(-36) - 2). Let d = -61 + v. List the prime factors of d.
2, 5
Suppose 0 = 4*m - 8*m. Suppose m = 5*w + w. Suppose -4*l = u - 41, w = 2*l - 5*u - 6 - 9. What are the prime factors of l?
2, 5
Let z(s) = -s**3 + 8*s**2 + 10*s + 8. Suppose 0 = -x + 3*x - 6. Suppose -3*u = 9, 0 = x*m - 3*u - 39 + 3. List the prime factors of z(m).
17
Suppose 3 - 1 = 2*x - 3*f, 2*x = 5*f + 6. What are the prime factors of (((-348)/(-10))/x)/((-13)/65)?
3, 29
Let k = 23 - -322. List the prime factors of k.
3, 5, 23
Suppose 32*j - 97782 = -6262. List the prime factors of j.
2, 5, 11, 13
Let j be -4 + 2 - (-1 - 8). Let u = j + -5. Suppose -5*q - 2*g - u*g = -130, -5*q + 2*g = -130. What are the prime factors of q?
2, 13
Let g(o) = o**3 - 8*o**2 + 5*o + 16. Let t be g(7). What are the prime factors of (115/25)/(t/(-5))*-14?
7, 23
Let b(d) = 45*d + 468. List the prime factors of b(27).
3, 11, 17
Let a = -79 + 623. List the prime factors of a.
2, 17
Suppose 0 = -2*a - 5*r + 2098, 11*r - 3138 = -3*a + 8*r. What are the prime factors of a?
2, 3, 29
Let i = -3561 - -6114. What are the prime factors of i?
3, 23, 37
Suppose 2*h + 0*h = 3*q + 13, -2*h - q + 9 = 0. Let u(y) be the second derivative of y**4/12 - 2*y**3/3 + y. List the prime factors of u(h).
5
Let v(t) = -t**2 + 11*t - 2. Suppose -q - 5*w = -4*q + 2, -8 = -2*q + 2*w. Let h be v(q). Suppose 2*m + 0*m = h. What are the prime factors of m?
2
Let w(o) = o**3 + 2*o**2 - 3*o + 295. List the prime factors of w(0).
5, 59
Suppose -12*t + 92540 = 58*t. What are the prime factors of t?
2, 661
Suppose -5*i + 254*d = 255*d - 6078, -d = 3*i - 3646. List the prime factors of i.
2, 19
Let x = 259 + 78. What are the prime factors of x?
337
Suppose -u - 4*l - 3 = l, 0 = -3*u + 4*l + 10. Suppose -u*p + 7*p = 3*b + 362, 3*b = -p + 76. What are the prime factors of p?
73
Let j(i) = -2*i. Let w be j(-1). Let d(u) = u**2 + 6 + 3*u**2 - 3*u**w + u**2 + 2*u. What are the prime factors of d(-4)?
2, 3, 5
Let u be 2 - 4/3*6/4. Suppose u = -5*j + 176 + 574. List the prime fa